onvert -96 (base 16) to base 9.
-176
Convert 4 (base 9) to base 10.
4
What is 36 (base 12) in base 4?
222
Convert -18a (base 12) to base 5.
-2000
What is 10 (base 10) in base 9?
11
266 (base 8) to base 16
b6
-4a (base 15) to base 16
-46
What is 32 (base 6) in base 16?
14
Convert -91 (base 13) to base 10.
-118
208 (base 11) to base 4
3322
Convert -26 (base 12) to base 11.
-28
Convert 0 (base 5) to base 3.
0
Convert 27 (base 10) to base 9.
30
100100 (base 2) to base 4
210
Convert -4 (base 6) to base 8.
-4
What is 2333 (base 4) in base 10?
191
What is 215 (base 10) in base 15?
e5
What is 101 (base 3) in base 4?
22
What is 144 (base 7) in base 11?
74
What is 3 (base 5) in base 15?
3
-1 (base 6) to base 8
-1
Convert 2 (base 12) to base 15.
2
0 (base 13) to base 16
0
-3 (base 8) to base 16
-3
Convert 1 (base 14) to base 6.
1
-14 (base 14) to base 15
-13
Convert -1 (base 6) to base 2.
-1
216 (base 9) to base 16
b1
Convert -100111 (base 2) to base 10.
-39
What is -68 (base 13) in base 16?
-56
Convert -4 (base 9) to base 5.
-4
What is -27a (base 11) in base 2?
-101001001
What is -1001 (base 2) in base 10?
-9
What is -117 (base 10) in base 11?
-a7
What is 2032 (base 4) in base 10?
142
437 (base 9) to base 5
2413
Convert -3 (base 9) to base 15.
-3
What is -5 (base 10) in base 14?
-5
What is -4 (base 12) in base 13?
-4
-1 (base 12) to base 4
-1
What is -42 (base 9) in base 11?
-35
Convert 7 (base 10) to base 2.
111
Convert 2 (base 11) to base 16.
2
1 (base 5) to base 13
1
What is -2 (base 11) in base 6?
-2
3 (base 11) to base 5
3
13 (base 7) to base 8
12
Convert 9 (base 13) to base 10.
9
Convert 360 (base 7) to base 8.
275
-1 (base 7) to base 11
-1
What is -126 (base 10) in base 7?
-240
What is 2 (base 8) in base 5?
2
What is -1 (base 3) in base 15?
-1
Convert a (base 15) to base 7.
13
What is 0 (base 13) in base 8?
0
-3a (base 12) to base 4
-232
Convert 2 (base 14) to base 8.
2
-204 (base 11) to base 2
-11110110
Convert a0 (base 16) to base 10.
160
What is 6 (base 12) in base 8?
6
What is e (base 15) in base 11?
13
10 (base 2) to base 5
2
320 (base 4) to base 14
40
What is 4 (base 16) in base 8?
4
-102 (base 9) to base 7
-146
13 (base 12) to base 14
11
Convert -82 (base 14) to base 10.
-114
Convert -100010 (base 2) to base 10.
-34
Convert 2 (base 9) to base 5.
2
-6 (base 14) to base 16
-6
-413 (base 6) to base 3
-12200
What is -2 (base 3) in base 8?
-2
Convert 53 (base 13) to base 5.
233
174 (base 8) to base 2
1111100
What is -1 (base 13) in base 7?
-1
-2 (base 4) to base 10
-2
-2 (base 9) to base 13
-2
What is -b4 (base 13) in base 15?
-9c
Convert -17 (base 9) to base 5.
-31
What is 130 (base 4) in base 15?
1d
Convert 8 (base 16) to base 4.
20
234 (base 7) to base 12
a3
What is 345 (base 6) in base 10?
137
What is -1 (base 8) in base 16?
-1
What is -10 (base 4) in base 13?
-4
6 (base 7) to base 2
110
2 (base 4) to base 6
2
Convert -3 (base 9) to base 10.
-3
Convert -4 (base 7) to base 10.
-4
-4 (base 8) to base 2
-100
138 (base 9) to base 14
84
What is -4 (base 7) in base 15?
-4
Convert 41 (base 13) to base 4.
311
Convert 225 (base 8) to base 6.
405
Convert 110 (base 6) to base 14.
30
Convert 141 (base 11) to base 6.
434
0 (base 12) to base 3
0
Convert 22 (base 13) to base 10.
28
What is -2 (base 16) in base 13?
-2
120 (base 3) to base 14
11
What is -20 (base 12) in base 2?
-11000
Convert 5 (base 13) to base 4.
11
What is 5 (base 8) in base 16?
5
What is 1 (base 8) in base 4?
1
What is -360 (base 8) in base 7?
-462
Convert 241 (base 6) to base 13.
76
What is -3 (base 16) in base 12?
-3
Convert -1201 (base 3) to base 2.
-101110
Convert -10 (base 2) to base 10.
-2
Convert 11 (base 4) to base 2.
101
113 (base 7) to base 8
73
-158 (base 11) to base 6
-504
Convert 1 (base 4) to base 11.
1
Convert -422 (base 5) to base 2.
-1110000
-1bb (base 13) to base 15
-168
Convert -30 (base 12) to base 9.
-40
Convert 111 (base 2) to base 10.
7
Convert -2 (base 3) to base 2.
-10
Convert 0 (base 12) to base 16.
0
Convert -3 (base 4) to base 7.
-3
Convert -13 (base 9) to base 7.
-15
Convert -25 (base 10) to base 13.
-1c
Convert -4 (base 15) to base 3.
-11
25 (base 8) to base 12
19
111101 (base 2) to base 6
141
Convert -15 (base 11) to base 12.
-14
97 (base 11) to base 3
10221
Convert 36 (base 8) to base 6.
50
What is 135 (base 10) in base 9?
160
What is -12 (base 11) in base 2?
-1101
Convert -3 (base 15) to base 4.
-3
Convert 32 (base 15) to base 9.
52
3120 (base 4) to base 2
11011000
1 (base 15) to base 9
1
Convert 10a (base 14) to base 8.
316
10 (base 2) to base 10
2
What is -12 (base 4) in base 12?
-6
232 (base 6) to base 3
10102
-1111110 (base 2) to base 15
-86
What is 10020 (base 3) in base 16?
57
15 (base 15) to base 6
32
Convert -7 (base 15) to base 11.
-7
What is -97 (base 15) in base 4?
-2032
What is 21 (base 4) in base 14?
9
What is 52 (base 6) in base 12?
28
-13 (base 5) to base 9
-8
What is -40 (base 7) in base 10?
-28
What is 167 (base 13) in base 2?
11111110
What is 13 (base 4) in base 16?
7
Convert -167 (base 10) to base 14.
-bd
What is -100 (base 2) in base 10?
-4
2 (base 9) to base 3
2
Convert 23 (base 14) to base 15.
21
2120 (base 3) to base 16
45
Convert -113 (base 4) to base 6.
-35
-2 (base 13) to base 7
-2
Convert -2a (base 13) to base 3.
-1100
What is -2 (base 6) in base 7?
-2
Convert -9 (base 16) to base 9.
-10
What is -3 (base 15) in base 11?
-3
What is -187 (base 12) in base 14?
-139
What is -41 (base 6) in base 13?
-1c
Convert -33 (base 5) to base 4.
-102
What is 1011 (base 2) in base 11?
10
Convert 31 (base 5) to base 15.
11
What is -7 (base 11) in base 6?
-11
6 (base 7) to base 9
6
-2 (base 14) to base 9
-2
Convert 1 (base 11) to base 7.
1
Convert 10111 (base 2) to base 14.
19
What is 112 (base 5) in base 15?
22
What is -130 (base 6) in base 16?
-36
-110001101 (base 2) to base 3
-112201
Convert -3 (base 4) to base 13.
-3
What is 11 (base 2) in base 15?
3
9b (base 13) to base 5
1003
What is -122 (base 3) in base 16?
-11
Convert -44 (base 9) to base 8.
-50
-202 (base 4) to base 16
-22
88 (base 12) to base 3
10212
Convert 100 (base 3) to base 5.
14
Convert 51 (base 13) to base 6.
150
Convert 13 (base 10) to base 3.
111
What is -20 (base 8) in base 10?
-16
What is -af (base 16) in base 6?
-451
Convert 88 (base 11) to base 14.
6c
What is 142 (base 5) in base 7?
65
Convert 34 (base 7) to base 5.
100
What is -d3 (base 15) in base 16?
-c6
What is -2 (base 7) in base 13?
-2
What is -28 (base 14) in base 10?
-36
What is -211 (base 4) in base 15?
-27
What is -58 (base 12) in base 13?
-53
What is 20121 (base 3) in base 14?
ca
Convert -12 (base 5) to base 15.
-7
Convert -10 (base 5) to base 7.
-5
-313 (base 4) to base 16
-37
Convert 48 (base 14) to base 3.
2101
12 (base 3) to base 9
5
Convert a (base 14) to base 4.
22
2 (base 5) to base 10
2
What is 60 (base 7) in base 12?
36
0 (base 8) to base 11
0
Convert 3 (base 11) to base 16.
3
What is -d (base 14) in base 11?
-12
What is -1330 (base 4) in base 5?
-444
What is -1 (base 6) in base 2?
-1
What is 364 (base 8) in base 15?
114
1 (base 15) to base 2
1
What is 2c (base 16) in base 12?
38
What is 13 (base 7) in base 15?
a
3 (base 8) to base 13
3
What is -3 (base 11) in base 10?
-3
Convert 145 (base 16) to base 10.
325
-11 (base 4) to base 14
-5
What is 184 (base 10) in base 2?
10111000
Convert 98 (base 11) to base 4.
1223
Convert -10022 (base 3) to base 13.
-6b
10 (base 5) to base 6
5
-32 (base 8) to base 10
-26
What is 8 (base 14) in base 7?
11
-32 (base 5) to base 16
-11
Convert 0 (base 5) to base 3.
0
Convert 63 (base 8) to base 4.
303
What is -9 (base 10) in base 8?
-11
Convert 6 (base 16) to base 8.
6
What is 4 (base 11) in base 2?
100
11 (base 3) to base 8
4
What is -1 (base 6) in base 5?
-1
What is -a (base 16) in base 11?
-a
Convert -11 (base 3) to base 14.
-4
-1 (base 9) to base 11
-1
11 (base 2) to base 3
10
0 (base 14) to base 6
0
-1001 (base 2) to base 10
-9
Convert -12 (base 9) to base 4.
-23
Convert -131 (base 7) to base 11.
-65
Convert -1 (base 10) to base 5.
-1
Convert -12 (base 13) to base 8.
-17
Convert 5 (base 16) to base 12.
5
1101 (base 2) to base 3
111
Convert 6 (base 16) to base 5.
11
Convert -115 (base 13) to base 4.
-2323
What is 31 (base 8) in base 6?
41
Convert 2 (base 4) to base 